{"id":8,"date":"2023-04-11T12:34:47","date_gmt":"2023-04-11T11:34:47","guid":{"rendered":"https:\/\/ief-cemac.org\/wpief\/?page_id=8"},"modified":"2026-03-16T15:06:23","modified_gmt":"2026-03-16T14:06:23","slug":"le-nouveau-e-mucem-ouvre-ses-portes-2","status":"publish","type":"page","link":"https:\/\/ief-cemac.org\/wpief\/","title":{"rendered":"Bienvenue"},"content":{"rendered":"\n<div class=\"wp-block-group alignwide\"><div class=\"wp-block-group__inner-container is-layout-flow wp-block-group-is-layout-flow\">\n<h2 class=\"wp-block-heading alignwide has-text-align-center\">Institut de l&rsquo;Economie et des Finances<\/h2>\n\n\n\n<h4 class=\"wp-block-heading alignwide has-text-align-center\">Pole R\u00e9gional de Formation des R\u00e9gies Financi\u00e8res de l&rsquo;Afrique Centrale<\/h4>\n\n\n\n<figure class=\"wp-block-image alignwide size-full\"><img loading=\"lazy\" decoding=\"async\" width=\"960\" height=\"250\" src=\"https:\/\/ief-cemac.org\/wpief\/wp-content\/uploads\/2023\/07\/optbanner-is.jpg\" alt=\"\" class=\"wp-image-202\" srcset=\"https:\/\/ief-cemac.org\/wpief\/wp-content\/uploads\/2023\/07\/optbanner-is.jpg 960w, https:\/\/ief-cemac.org\/wpief\/wp-content\/uploads\/2023\/07\/optbanner-is-300x78.jpg 300w, https:\/\/ief-cemac.org\/wpief\/wp-content\/uploads\/2023\/07\/optbanner-is-768x200.jpg 768w\" sizes=\"auto, (max-width: 960px) 100vw, 960px\" \/><\/figure>\n\n\n\n<h3 class=\"wp-block-heading has-text-align-left\">Avis de co<strong>ncours 9<sup>\u00e8me<\/sup> promotion<\/strong><\/h3>\n\n\n\n<p class=\"has-text-align-justify has-text-align-justify\">Le Directeur G\u00e9n\u00e9ral de l\u2019Institut de l\u2019Economie est des Finances P\u00f4le R\u00e9gional (<strong>IEF-PR<\/strong>) de formation des R\u00e9gies Financi\u00e8res de la CEMAC porte \u00e0 la connaissance des candidats originaires du <strong>Gabon, du Congo et du Cameroun<\/strong> de l\u2019ouverture d\u2019un concours pour le recrutement des auditeurs au titre de la 9<sup>\u00e8me<\/sup> promotion. Les avis de concours et les formulaires de candidatures pour chaque Etat membre sont accessibles sur les liens suivants&nbsp;:<\/p>\n\n\n\n<ul class=\"wp-block-list\">\n<li><a href=\"https:\/\/ief-cemac.org\/wpief\/index.php\/concours-cameroun-2026\/\" data-type=\"page\" data-id=\"356\">Concours Cameroun 2026<\/a><\/li>\n\n\n\n<li><a href=\"https:\/\/ief-cemac.org\/wpief\/index.php\/concours-congo-2026\/\" data-type=\"page\" data-id=\"363\">Concours Congo 2026<\/a><\/li>\n\n\n\n<li><a href=\"https:\/\/ief-cemac.org\/wpief\/index.php\/concours-gabon-2026\/\" data-type=\"page\" data-id=\"358\">Concours Gabon 2026<\/a><\/li>\n\n\n\n<li><a href=\"https:\/\/ief-cemac.org\/wpief\/index.php\/concours-guinee-equatoriale-2026\/\" data-type=\"page\" data-id=\"421\">Guin\u00e9e Equatoriale 2026<\/a><\/li>\n<\/ul>\n\n\n\n<div class=\"wp-block-group alignwide\"><div class=\"wp-block-group__inner-container is-layout-constrained wp-block-group-is-layout-constrained\">\n<h3 class=\"wp-block-heading alignwide\">8<sup>\u00e8me<\/sup> promotion<\/h3>\n\n\n\n<h5 class=\"wp-block-heading alignwide\">Arriv\u00e9e des auditeurs du Cameroun, de la RCA, du Congo, de la Guin\u00e9e Equatoriale et du Tchad<\/h5>\n\n\n\n<div class=\"wp-block-file\"><a id=\"wp-block-file--media-17bb1434-caa8-4efe-a4c0-48271e95b907\" href=\"https:\/\/ief-cemac.org\/wpief\/wp-content\/uploads\/2024\/05\/iefpr08c_0001.pdf\" target=\"_blank\" rel=\"noreferrer noopener\">Note d&rsquo;information<\/a><a href=\"https:\/\/ief-cemac.org\/wpief\/wp-content\/uploads\/2024\/05\/iefpr08c_0001.pdf\" class=\"wp-block-file__button wp-element-button\" download aria-describedby=\"wp-block-file--media-17bb1434-caa8-4efe-a4c0-48271e95b907\">T\u00e9l\u00e9charger<\/a><\/div>\n<\/div><\/div>\n\n\n\n<h2 class=\"wp-block-heading alignfull\"><\/h2>\n\n\n\n<figure class=\"wp-block-image alignwide size-full\"><img loading=\"lazy\" decoding=\"async\" width=\"960\" height=\"250\" src=\"https:\/\/ief-cemac.org\/wpief\/wp-content\/uploads\/2023\/11\/cs08banner.png\" alt=\"\" class=\"wp-image-316\" srcset=\"https:\/\/ief-cemac.org\/wpief\/wp-content\/uploads\/2023\/11\/cs08banner.png 960w, https:\/\/ief-cemac.org\/wpief\/wp-content\/uploads\/2023\/11\/cs08banner-300x78.png 300w, https:\/\/ief-cemac.org\/wpief\/wp-content\/uploads\/2023\/11\/cs08banner-768x200.png 768w\" sizes=\"auto, (max-width: 960px) 100vw, 960px\" \/><\/figure>\n\n\n\n<div class=\"wp-block-group alignfull\"><div class=\"wp-block-group__inner-container is-layout-constrained wp-block-group-is-layout-constrained\">\n<div class=\"wp-block-columns alignwide is-layout-flex wp-container-core-columns-is-layout-9d6595d7 wp-block-columns-is-layout-flex\">\n<div class=\"wp-block-column is-layout-flow wp-block-column-is-layout-flow\">\n<p class=\"has-normal-font-size\">Faisant suite \u00e0 l&rsquo;accord donn\u00e9 par les autorit\u00e9s du Cameroun, il est ouvert un Concours Sp\u00e9cial au titre de l&rsquo;ann\u00e9e acad\u00e9mique 2023-2024, en vue du recrutement de vingt (20) Auditeurs de nationalit\u00e9 Camerounaise le compte de la 8<sup>\u00e8me<\/sup> promotion de l&rsquo;IEF-PR<\/p>\n\n\n\n<div class=\"wp-block-buttons is-layout-flex wp-block-buttons-is-layout-flex\">\n<div class=\"wp-block-button is-style-outline is-style-outline--1\"><a class=\"wp-block-button__link wp-element-button\" href=\"https:\/\/ief-cemac.org\/wpief\/index.php\/concours-special-dentree-2023\/\">Lire la suite<\/a><\/div>\n<\/div>\n<\/div>\n\n\n\n<div class=\"wp-block-column is-layout-flow wp-block-column-is-layout-flow\">\n<h5 class=\"wp-block-heading has-accent-color has-text-color has-link-color wp-elements-b4f59e387f31d96dd67d701c0b279b49\">Lieu du concours<\/h5>\n\n\n\n<p class=\"has-normal-font-size\">Les \u00e9preuves du Concours Sp\u00e9cial se d\u00e9rouleront le <strong>samedi 09 d\u00e9cembre 2023 \u00e0 l&rsquo;Universit\u00e9 Omar Bongo (UOB)<\/strong>.<\/p>\n\n\n\n<p class=\"has-normal-font-size\"><strong>Convocation des candidats: 07h00<\/strong><\/p>\n\n\n\n<h5 class=\"wp-block-heading has-accent-color has-text-color has-link-color wp-elements-9d2b456d9cff7e8e254581ed806ecbd8\">Places additionnelles<\/h5>\n\n\n\n<p class=\"has-normal-font-size\">Faisant suite \u00e0 l&rsquo;accord donn\u00e9 par la <strong>TRES HAUTE AUTORITE DE TRANSITION DE LA REPUBLIQUE GABONAISE<\/strong>, il est ouvert un Concours Sp\u00e9cial au titre de l&rsquo;ann\u00e9e acad\u00e9mique 2023-2024, en vue du recrutement de Deux cents (200) Auditeurs de nationalit\u00e9 Gabonaise pour le compte de la 8<sup>\u00e8me<\/sup> promotion de l&rsquo;IEF-PR<\/p>\n\n\n\n<h5 class=\"wp-block-heading has-accent-color has-text-color has-link-color wp-elements-3614e860beeb8885724e41ff6f75e5fe\">Dispense d&rsquo;\u00e2ge &#8230;<\/h5>\n\n\n\n<p class=\"has-normal-font-size\">Suite au <strong>TRES HAUT ACCORD DES AUTORITES DE LA TRANSITION GABONAISE<\/strong>, une <strong>dispense d&rsquo;\u00e2ge<\/strong> autorise les <strong>Candidats Externes \u00e2g\u00e9s de trente-trois (33) ans<\/strong> au plus au 1<sup>er<\/sup> janvier 2023 \u00e0 concourir.<\/p>\n\n\n\n<h5 class=\"wp-block-heading has-accent-color has-text-color has-link-color wp-elements-cd7d9b90eb4c2dd1b49deb53c52dca0f\">50 places additionnelles &#8230;<\/h5>\n\n\n\n<p>Haut accord exceptionnel pour 50 places additionnelles pour les agents du Minist\u00e8re des Comptes Publics<\/p>\n\n\n\n<div class=\"wp-block-buttons is-layout-flex wp-block-buttons-is-layout-flex\">\n<div class=\"wp-block-button is-style-outline is-style-outline--2\"><a class=\"wp-block-button__link wp-element-button\" href=\"https:\/\/ief-cemac.org\/wpief\/index.php\/concours-special-2023\/\">LIRE LA SUITE<\/a><\/div>\n<\/div>\n<\/div>\n<\/div>\n<\/div><\/div>\n<\/div><\/div>\n\n\n\n<div class=\"wp-block-columns alignwide is-layout-flex wp-container-core-columns-is-layout-9d6595d7 wp-block-columns-is-layout-flex\">\n<div class=\"wp-block-column is-layout-flow wp-block-column-is-layout-flow\">\n<div class=\"wp-block-columns is-layout-flex wp-container-core-columns-is-layout-9d6595d7 wp-block-columns-is-layout-flex\">\n<div class=\"wp-block-column is-vertically-aligned-center is-layout-flow wp-block-column-is-layout-flow\">\n<figure class=\"wp-block-image size-full\"><img loading=\"lazy\" decoding=\"async\" width=\"299\" height=\"296\" src=\"https:\/\/ief-cemac.org\/wpief\/wp-content\/uploads\/2023\/07\/photoDgVoundi.png\" alt=\"\" class=\"wp-image-221\"\/><\/figure>\n<\/div>\n\n\n\n<div class=\"wp-block-column is-layout-flow wp-block-column-is-layout-flow\">\n<p><\/p>\n\n\n\n<h5 class=\"wp-block-heading\">Mot du Directeur G\u00e9n\u00e9ral<\/h5>\n\n\n\n<p style=\"font-size:18px\"><strong>L&rsquo;Institut de l&rsquo;Economie et des Finances s&rsquo;inscrit dans la perspective du renforcement de l&rsquo;int\u00e9gration r\u00e9gionale &#8230;<\/strong><\/p>\n\n\n\n<div class=\"wp-block-buttons is-layout-flex wp-block-buttons-is-layout-flex\">\n<div class=\"wp-block-button is-style-outline is-style-outline--3\"><a class=\"wp-block-button__link wp-element-button\" href=\"https:\/\/ief-cemac.org\/wpief\/index.php\/mot-du-directeur-general\/\">Lire la suite<\/a><\/div>\n<\/div>\n<\/div>\n<\/div>\n<\/div>\n\n\n\n<div class=\"wp-block-column is-layout-flow wp-block-column-is-layout-flow\"><\/div>\n<\/div>\n\n\n\n<h2 class=\"wp-block-heading alignwide\">Actualit\u00e9s<\/h2>\n\n\n\n<div class=\"wp-block-columns alignwide is-layout-flex wp-container-core-columns-is-layout-9d6595d7 wp-block-columns-is-layout-flex\">\n<div class=\"wp-block-column is-layout-flow wp-block-column-is-layout-flow\">\n<figure class=\"wp-block-image size-full\"><img loading=\"lazy\" decoding=\"async\" width=\"982\" height=\"327\" src=\"https:\/\/ief-cemac.org\/wpief\/wp-content\/uploads\/2023\/09\/Missiondg.jpg\" alt=\"\" class=\"wp-image-271\" srcset=\"https:\/\/ief-cemac.org\/wpief\/wp-content\/uploads\/2023\/09\/Missiondg.jpg 982w, https:\/\/ief-cemac.org\/wpief\/wp-content\/uploads\/2023\/09\/Missiondg-300x100.jpg 300w, https:\/\/ief-cemac.org\/wpief\/wp-content\/uploads\/2023\/09\/Missiondg-768x256.jpg 768w\" sizes=\"auto, (max-width: 982px) 100vw, 982px\" \/><\/figure>\n\n\n\n<h5 class=\"wp-block-heading\">Le DG de l&rsquo;IEF-PR re\u00e7u en audience  \u00e0 Malabo (Guin\u00e9e \u00c9quatoriale) par le Vice-Ministre des Finances et du Budget accompagn\u00e9 du Directeur G\u00e9n\u00e9ral du Budget et de la Comptabilit\u00e9 Publique, par ailleurs Correspondant National de l&rsquo;IEF-PR<\/h5>\n\n\n\n<p>16 ao\u00fbt 2023<\/p>\n\n\n\n<div class=\"wp-block-buttons is-content-justification-center is-layout-flex wp-container-core-buttons-is-layout-16018d1d wp-block-buttons-is-layout-flex\">\n<div class=\"wp-block-button is-style-outline is-style-outline--4\"><a class=\"wp-block-button__link wp-element-button\" href=\"https:\/\/ief-cemac.org\/wpief\/index.php\/audience-a-malabo\/\">LIRE LA SUITE<\/a><\/div>\n<\/div>\n<\/div>\n\n\n\n<div class=\"wp-block-column is-layout-flow wp-block-column-is-layout-flow\"><\/div>\n<\/div>\n\n\n\n<div class=\"wp-block-columns alignwide is-layout-flex wp-container-core-columns-is-layout-9d6595d7 wp-block-columns-is-layout-flex\">\n<div class=\"wp-block-column is-layout-flow wp-block-column-is-layout-flow\">\n<div class=\"wp-block-group\"><div class=\"wp-block-group__inner-container is-layout-flow wp-block-group-is-layout-flow\">\n<figure class=\"wp-block-image size-full\"><img loading=\"lazy\" decoding=\"async\" width=\"960\" height=\"462\" src=\"https:\/\/ief-cemac.org\/wpief\/wp-content\/uploads\/2023\/07\/actuminfopra.jpg\" alt=\"\" class=\"wp-image-197\" srcset=\"https:\/\/ief-cemac.org\/wpief\/wp-content\/uploads\/2023\/07\/actuminfopra.jpg 960w, https:\/\/ief-cemac.org\/wpief\/wp-content\/uploads\/2023\/07\/actuminfopra-300x144.jpg 300w, https:\/\/ief-cemac.org\/wpief\/wp-content\/uploads\/2023\/07\/actuminfopra-768x370.jpg 768w\" sizes=\"auto, (max-width: 960px) 100vw, 960px\" \/><\/figure>\n\n\n\n<h5 class=\"wp-block-heading\">Le Directeur G\u00e9n\u00e9ral de l&rsquo;IEF-PR re\u00e7u par le Ministre de la Fonction Publique et de la R\u00e9forme Administrative du Cameroun<\/h5>\n\n\n\n<p>07 juin 2023<\/p>\n\n\n\n<div class=\"wp-block-button is-style-outline is-style-outline--5\"><a class=\"wp-block-button__link wp-element-button\" href=\"https:\/\/ief-cemac.org\/wpief\/index.php\/minfopra\/\">Lire la suite<\/a><\/div>\n<\/div><\/div>\n\n\n\n<div class=\"wp-block-group\"><div class=\"wp-block-group__inner-container is-layout-flow wp-block-group-is-layout-flow\">\n<figure class=\"wp-block-image alignfull size-full\"><img loading=\"lazy\" decoding=\"async\" width=\"960\" height=\"462\" src=\"https:\/\/ief-cemac.org\/wpief\/wp-content\/uploads\/2023\/07\/actuprestationserment.jpg\" alt=\"\" class=\"wp-image-200\" srcset=\"https:\/\/ief-cemac.org\/wpief\/wp-content\/uploads\/2023\/07\/actuprestationserment.jpg 960w, https:\/\/ief-cemac.org\/wpief\/wp-content\/uploads\/2023\/07\/actuprestationserment-300x144.jpg 300w, https:\/\/ief-cemac.org\/wpief\/wp-content\/uploads\/2023\/07\/actuprestationserment-768x370.jpg 768w\" sizes=\"auto, (max-width: 960px) 100vw, 960px\" \/><\/figure>\n\n\n\n<h5 class=\"wp-block-heading\">Prestation de serment de Mme ELA NDONG Remigia, Agent Comptable de l&rsquo;IEF-PR<\/h5>\n\n\n\n<p>30 juin 2023<\/p>\n\n\n\n<div class=\"wp-block-button is-style-outline is-style-outline--6\"><a class=\"wp-block-button__link wp-element-button\" href=\"https:\/\/ief-cemac.org\/wpief\/index.php\/prestationserment\/\">Lire la suite<\/a><\/div>\n<\/div><\/div>\n<\/div>\n\n\n\n<div class=\"wp-block-column is-layout-flow wp-block-column-is-layout-flow\">\n<div class=\"wp-block-group\"><div class=\"wp-block-group__inner-container is-layout-flow wp-block-group-is-layout-flow\">\n<figure class=\"wp-block-image alignfull size-full\"><img loading=\"lazy\" decoding=\"async\" width=\"960\" height=\"462\" src=\"https:\/\/ief-cemac.org\/wpief\/wp-content\/uploads\/2023\/07\/Actucourcpte0203.jpg\" alt=\"\" class=\"wp-image-169\" srcset=\"https:\/\/ief-cemac.org\/wpief\/wp-content\/uploads\/2023\/07\/Actucourcpte0203.jpg 960w, https:\/\/ief-cemac.org\/wpief\/wp-content\/uploads\/2023\/07\/Actucourcpte0203-300x144.jpg 300w, https:\/\/ief-cemac.org\/wpief\/wp-content\/uploads\/2023\/07\/Actucourcpte0203-768x370.jpg 768w\" sizes=\"auto, (max-width: 960px) 100vw, 960px\" \/><\/figure>\n\n\n\n<h5 class=\"wp-block-heading\">Mission du Parquet G\u00e9n\u00e9ral de la Cour des Comptes \u00e0 l&rsquo;IEF-PR<\/h5>\n\n\n\n<p>13 juin 2023<\/p>\n\n\n\n<div class=\"wp-block-button is-style-outline is-style-outline--7\"><a class=\"wp-block-button__link wp-element-button\" href=\"https:\/\/ief-cemac.org\/wpief\/index.php\/missionparquetgeneral\/\">Lire la suite<\/a><\/div>\n<\/div><\/div>\n\n\n\n<div class=\"wp-block-group\"><div class=\"wp-block-group__inner-container is-layout-flow wp-block-group-is-layout-flow\">\n<h3 class=\"wp-block-heading\"><\/h3>\n\n\n\n<p><\/p>\n<\/div><\/div>\n<\/div>\n<\/div>\n\n\n\n<p><\/p>\n","protected":false},"excerpt":{"rendered":"<p>Institut de l&rsquo;Economie et des Finances Pole R\u00e9gional de Formation des R\u00e9gies Financi\u00e8res de l&rsquo;Afrique Centrale Avis de concours 9\u00e8me promotion Le Directeur G\u00e9n\u00e9ral de l\u2019Institut de l\u2019Economie est des Finances P\u00f4le R\u00e9gional (IEF-PR) de formation des R\u00e9gies Financi\u00e8res de la CEMAC porte \u00e0 la connaissance des candidats originaires du Gabon, du Congo et du [&hellip;]<\/p>\n","protected":false},"author":1,"featured_media":0,"parent":0,"menu_order":0,"comment_status":"closed","ping_status":"closed","template":"","meta":{"footnotes":""},"class_list":["post-8","page","type-page","status-publish","hentry"],"_links":{"self":[{"href":"https:\/\/ief-cemac.org\/wpief\/index.php\/wp-json\/wp\/v2\/pages\/8","targetHints":{"allow":["GET"]}}],"collection":[{"href":"https:\/\/ief-cemac.org\/wpief\/index.php\/wp-json\/wp\/v2\/pages"}],"about":[{"href":"https:\/\/ief-cemac.org\/wpief\/index.php\/wp-json\/wp\/v2\/types\/page"}],"author":[{"embeddable":true,"href":"https:\/\/ief-cemac.org\/wpief\/index.php\/wp-json\/wp\/v2\/users\/1"}],"replies":[{"embeddable":true,"href":"https:\/\/ief-cemac.org\/wpief\/index.php\/wp-json\/wp\/v2\/comments?post=8"}],"version-history":[{"count":38,"href":"https:\/\/ief-cemac.org\/wpief\/index.php\/wp-json\/wp\/v2\/pages\/8\/revisions"}],"predecessor-version":[{"id":429,"href":"https:\/\/ief-cemac.org\/wpief\/index.php\/wp-json\/wp\/v2\/pages\/8\/revisions\/429"}],"wp:attachment":[{"href":"https:\/\/ief-cemac.org\/wpief\/index.php\/wp-json\/wp\/v2\/media?parent=8"}],"curies":[{"name":"wp","href":"https:\/\/api.w.org\/{rel}","templated":true}]}}