{"id":51,"date":"2023-05-30T13:04:18","date_gmt":"2023-05-30T12:04:18","guid":{"rendered":"https:\/\/ief-cemac.org\/wpief\/?page_id=51"},"modified":"2023-05-30T13:04:18","modified_gmt":"2023-05-30T12:04:18","slug":"formations","status":"publish","type":"page","link":"https:\/\/ief-cemac.org\/wpief\/index.php\/formations\/","title":{"rendered":"Formations"},"content":{"rendered":"\n<p>Pour remplir ses missions:<\/p>\n\n\n\n<ul class=\"wp-block-list\">\n<li>De formation des cadres comp\u00e9tents et polyvalents de l\u2019administration \u00e9conomique et financi\u00e8re, notamment, des R\u00e9gies Financi\u00e8res des \u00c9tats-membres de la CEMAC;<\/li>\n\n\n\n<li>De renforcement des capacit\u00e9s dans les administrations sous-r\u00e9gionales de la CEMAC;<\/li>\n<\/ul>\n\n\n\n<p>l&rsquo;IEF &#8211; P\u00f4le R\u00e9gional propose un dispositif de formations \u00e0 2 volets:<\/p>\n\n\n\n<ol class=\"wp-block-list\">\n<li>La formation initiale<\/li>\n\n\n\n<li>La formation continue<\/li>\n<\/ol>\n","protected":false},"excerpt":{"rendered":"<p>Pour remplir ses missions: l&rsquo;IEF &#8211; P\u00f4le R\u00e9gional propose un dispositif de formations \u00e0 2 volets:<\/p>\n","protected":false},"author":1,"featured_media":0,"parent":0,"menu_order":0,"comment_status":"closed","ping_status":"closed","template":"templates\/template-full-width.php","meta":{"footnotes":""},"class_list":["post-51","page","type-page","status-publish","hentry"],"_links":{"self":[{"href":"https:\/\/ief-cemac.org\/wpief\/index.php\/wp-json\/wp\/v2\/pages\/51","targetHints":{"allow":["GET"]}}],"collection":[{"href":"https:\/\/ief-cemac.org\/wpief\/index.php\/wp-json\/wp\/v2\/pages"}],"about":[{"href":"https:\/\/ief-cemac.org\/wpief\/index.php\/wp-json\/wp\/v2\/types\/page"}],"author":[{"embeddable":true,"href":"https:\/\/ief-cemac.org\/wpief\/index.php\/wp-json\/wp\/v2\/users\/1"}],"replies":[{"embeddable":true,"href":"https:\/\/ief-cemac.org\/wpief\/index.php\/wp-json\/wp\/v2\/comments?post=51"}],"version-history":[{"count":1,"href":"https:\/\/ief-cemac.org\/wpief\/index.php\/wp-json\/wp\/v2\/pages\/51\/revisions"}],"predecessor-version":[{"id":52,"href":"https:\/\/ief-cemac.org\/wpief\/index.php\/wp-json\/wp\/v2\/pages\/51\/revisions\/52"}],"wp:attachment":[{"href":"https:\/\/ief-cemac.org\/wpief\/index.php\/wp-json\/wp\/v2\/media?parent=51"}],"curies":[{"name":"wp","href":"https:\/\/api.w.org\/{rel}","templated":true}]}}

<p>Pour remplir ses missions:</p>



<ul class="wp-block-list">
<li>De formation des cadres compétents et polyvalents de l’administration économique et financière, notamment, des Régies Financières des États-membres de la CEMAC;</li>



<li>De renforcement des capacités dans les administrations sous-régionales de la CEMAC;</li>
</ul>



<p>l&rsquo;IEF &#8211; Pôle Régional propose un dispositif de formations à 2 volets:</p>



<ol class="wp-block-list">
<li>La formation initiale</li>



<li>La formation continue</li>
</ol>

<p>Pour remplir ses missions: l&rsquo;IEF &#8211; Pôle Régional propose un dispositif de formations à 2 volets:</p>
