{"id":421,"date":"2026-03-16T14:55:48","date_gmt":"2026-03-16T13:55:48","guid":{"rendered":"https:\/\/ief-cemac.org\/wpief\/?page_id=421"},"modified":"2026-03-16T15:01:57","modified_gmt":"2026-03-16T14:01:57","slug":"concours-guinee-equatoriale-2026","status":"publish","type":"page","link":"https:\/\/ief-cemac.org\/wpief\/index.php\/concours-guinee-equatoriale-2026\/","title":{"rendered":"Concours Guin\u00e9e Equatoriale 2026"},"content":{"rendered":"\n<p class=\"has-text-align-justify has-text-align-justify\">Le Directeur G\u00e9n\u00e9ral de l\u2019Institut de l\u2019Economie est des Finances P\u00f4le R\u00e9gional (<strong>IEF-PR<\/strong>) de formation des R\u00e9gies Financi\u00e8res de la CEMAC porte \u00e0 la connaissance des candidats originaires&nbsp;<strong>de la Guin\u00e9e Equatoriale <\/strong>de l\u2019ouverture d\u2019un concours pour le recrutement des auditeurs au titre de la 9<sup>\u00e8me<\/sup>&nbsp;promotion. Les avis de concours et les formulaires de candidatures pour chaque Etat membre sont accessibles sur les liens suivants&nbsp;:<\/p>\n\n\n\n<ul class=\"wp-block-list\">\n<li><a href=\"https:\/\/ief-cemac.org\/wpief\/wp-content\/uploads\/2026\/03\/Concours-Guinee-Equatoriale-1.pdf\" data-type=\"attachment\" data-id=\"424\" target=\"_blank\" rel=\"noreferrer noopener\">Communiqu\u00e9 de presse<\/a><\/li>\n\n\n\n<li><a href=\"https:\/\/ief-cemac.org\/wpief\/wp-content\/uploads\/2026\/03\/Fiche-Guinee-Equatoriale-5.pdf\" data-type=\"attachment\" data-id=\"425\" target=\"_blank\" rel=\"noreferrer noopener\">Fiche de candidature<\/a><\/li>\n<\/ul>\n\n\n\n<p><\/p>\n","protected":false},"excerpt":{"rendered":"<p>Le Directeur G\u00e9n\u00e9ral de l\u2019Institut de l\u2019Economie est des Finances P\u00f4le R\u00e9gional (IEF-PR) de formation des R\u00e9gies Financi\u00e8res de la CEMAC porte \u00e0 la connaissance des candidats originaires&nbsp;de la Guin\u00e9e Equatoriale de l\u2019ouverture d\u2019un concours pour le recrutement des auditeurs au titre de la 9\u00e8me&nbsp;promotion. Les avis de concours et les formulaires de candidatures pour [&hellip;]<\/p>\n","protected":false},"author":1,"featured_media":0,"parent":0,"menu_order":0,"comment_status":"closed","ping_status":"closed","template":"","meta":{"footnotes":""},"class_list":["post-421","page","type-page","status-publish","hentry"],"_links":{"self":[{"href":"https:\/\/ief-cemac.org\/wpief\/index.php\/wp-json\/wp\/v2\/pages\/421","targetHints":{"allow":["GET"]}}],"collection":[{"href":"https:\/\/ief-cemac.org\/wpief\/index.php\/wp-json\/wp\/v2\/pages"}],"about":[{"href":"https:\/\/ief-cemac.org\/wpief\/index.php\/wp-json\/wp\/v2\/types\/page"}],"author":[{"embeddable":true,"href":"https:\/\/ief-cemac.org\/wpief\/index.php\/wp-json\/wp\/v2\/users\/1"}],"replies":[{"embeddable":true,"href":"https:\/\/ief-cemac.org\/wpief\/index.php\/wp-json\/wp\/v2\/comments?post=421"}],"version-history":[{"count":3,"href":"https:\/\/ief-cemac.org\/wpief\/index.php\/wp-json\/wp\/v2\/pages\/421\/revisions"}],"predecessor-version":[{"id":426,"href":"https:\/\/ief-cemac.org\/wpief\/index.php\/wp-json\/wp\/v2\/pages\/421\/revisions\/426"}],"wp:attachment":[{"href":"https:\/\/ief-cemac.org\/wpief\/index.php\/wp-json\/wp\/v2\/media?parent=421"}],"curies":[{"name":"wp","href":"https:\/\/api.w.org\/{rel}","templated":true}]}}