{"id":358,"date":"2026-03-16T14:10:00","date_gmt":"2026-03-16T13:10:00","guid":{"rendered":"https:\/\/ief-cemac.org\/wpief\/?page_id=358"},"modified":"2026-03-16T19:05:03","modified_gmt":"2026-03-16T18:05:03","slug":"concours-gabon-2026","status":"publish","type":"page","link":"https:\/\/ief-cemac.org\/wpief\/index.php\/concours-gabon-2026\/","title":{"rendered":"Concours Gabon 2026"},"content":{"rendered":"\n<p>Le Directeur G\u00e9n\u00e9ral de l\u2019Institut de l\u2019Economie et des Finances-P\u00f4le R\u00e9gional (<strong>IEF-PR<\/strong>) de formation des R\u00e9gies Financi\u00e8res de l&rsquo;Afrique centrale porte \u00e0 la connaissance des candidats originaires\u00a0<strong>du Gabon <\/strong>de l\u2019ouverture d\u2019un concours pour le recrutement des auditeurs au titre de la 9<sup>\u00e8me<\/sup>\u00a0promotion. Les avis de concours et les formulaires de candidatures pour chaque Etat membre sont accessibles sur les liens suivants\u00a0:<\/p>\n\n\n\n<ul class=\"wp-block-list\">\n<li><a href=\"https:\/\/ief-cemac.org\/wpief\/wp-content\/uploads\/2026\/03\/Commmunique-de-presse-GABON.pdf\" data-type=\"attachment\" data-id=\"374\" target=\"_blank\" rel=\"noreferrer noopener\">Communiqu\u00e9 de presse<\/a><\/li>\n\n\n\n<li><a href=\"https:\/\/ief-cemac.org\/wpief\/wp-content\/uploads\/2026\/03\/Fiche-Candidature-Interne-1.pdf\" data-type=\"attachment\" data-id=\"379\" target=\"_blank\" rel=\"noreferrer noopener\">Fiche de candidature interne<\/a><\/li>\n\n\n\n<li><a href=\"https:\/\/ief-cemac.org\/wpief\/wp-content\/uploads\/2026\/03\/Fiche-Candidature-Externe-1.pdf\" data-type=\"attachment\" data-id=\"377\" target=\"_blank\" rel=\"noreferrer noopener\">Fiche de candidature externe<\/a><\/li>\n<\/ul>\n\n\n\n<p><\/p>\n","protected":false},"excerpt":{"rendered":"<p>Le Directeur G\u00e9n\u00e9ral de l\u2019Institut de l\u2019Economie et des Finances-P\u00f4le R\u00e9gional (IEF-PR) de formation des R\u00e9gies Financi\u00e8res de l&rsquo;Afrique centrale porte \u00e0 la connaissance des candidats originaires\u00a0du Gabon de l\u2019ouverture d\u2019un concours pour le recrutement des auditeurs au titre de la 9\u00e8me\u00a0promotion. Les avis de concours et les formulaires de candidatures pour chaque Etat membre [&hellip;]<\/p>\n","protected":false},"author":1,"featured_media":0,"parent":0,"menu_order":0,"comment_status":"closed","ping_status":"closed","template":"","meta":{"footnotes":""},"class_list":["post-358","page","type-page","status-publish","hentry"],"_links":{"self":[{"href":"https:\/\/ief-cemac.org\/wpief\/index.php\/wp-json\/wp\/v2\/pages\/358","targetHints":{"allow":["GET"]}}],"collection":[{"href":"https:\/\/ief-cemac.org\/wpief\/index.php\/wp-json\/wp\/v2\/pages"}],"about":[{"href":"https:\/\/ief-cemac.org\/wpief\/index.php\/wp-json\/wp\/v2\/types\/page"}],"author":[{"embeddable":true,"href":"https:\/\/ief-cemac.org\/wpief\/index.php\/wp-json\/wp\/v2\/users\/1"}],"replies":[{"embeddable":true,"href":"https:\/\/ief-cemac.org\/wpief\/index.php\/wp-json\/wp\/v2\/comments?post=358"}],"version-history":[{"count":4,"href":"https:\/\/ief-cemac.org\/wpief\/index.php\/wp-json\/wp\/v2\/pages\/358\/revisions"}],"predecessor-version":[{"id":434,"href":"https:\/\/ief-cemac.org\/wpief\/index.php\/wp-json\/wp\/v2\/pages\/358\/revisions\/434"}],"wp:attachment":[{"href":"https:\/\/ief-cemac.org\/wpief\/index.php\/wp-json\/wp\/v2\/media?parent=358"}],"curies":[{"name":"wp","href":"https:\/\/api.w.org\/{rel}","templated":true}]}}

<p>Le Directeur Général de l’Institut de l’Economie et des Finances-Pôle Régional (<strong>IEF-PR</strong>) de formation des Régies Financières de l&rsquo;Afrique centrale porte à la connaissance des candidats originaires <strong>du Gabon </strong>de l’ouverture d’un concours pour le recrutement des auditeurs au titre de la 9<sup>ème</sup> promotion. Les avis de concours et les formulaires de candidatures pour chaque Etat membre sont accessibles sur les liens suivants :</p>



<ul class="wp-block-list">
<li><a href="https://ief-cemac.org/wpief/wp-content/uploads/2026/03/Commmunique-de-presse-GABON.pdf" data-type="attachment" data-id="374" target="_blank" rel="noreferrer noopener">Communiqué de presse</a></li>



<li><a href="https://ief-cemac.org/wpief/wp-content/uploads/2026/03/Fiche-Candidature-Interne-1.pdf" data-type="attachment" data-id="379" target="_blank" rel="noreferrer noopener">Fiche de candidature interne</a></li>



<li><a href="https://ief-cemac.org/wpief/wp-content/uploads/2026/03/Fiche-Candidature-Externe-1.pdf" data-type="attachment" data-id="377" target="_blank" rel="noreferrer noopener">Fiche de candidature externe</a></li>
</ul>



<p></p>

<p>Le Directeur Général de l’Institut de l’Economie et des Finances-Pôle Régional (IEF-PR) de formation des Régies Financières de l&rsquo;Afrique centrale porte à la connaissance des candidats originaires du Gabon de l’ouverture d’un concours pour le recrutement des auditeurs au titre de la 9ème promotion. Les avis de concours et les formulaires de candidatures pour chaque Etat membre [&hellip;]</p>
