{"id":248,"date":"2023-08-25T13:38:13","date_gmt":"2023-08-25T12:38:13","guid":{"rendered":"https:\/\/ief-cemac.org\/wpief\/?page_id=248"},"modified":"2023-11-17T10:01:49","modified_gmt":"2023-11-17T09:01:49","slug":"concours-special-dentree-2023","status":"publish","type":"page","link":"https:\/\/ief-cemac.org\/wpief\/index.php\/concours-special-dentree-2023\/","title":{"rendered":"Concours sp\u00e9cial d&rsquo;Entr\u00e9e 2023"},"content":{"rendered":"\n<h2 class=\"wp-block-heading has-text-align-center\">\u00ab\u00a0Cameroun\u00a0\u00bb<\/h2>\n\n\n\n<p>Faisant suite \u00e0 l&rsquo;accord donn\u00e9 par les autorit\u00e9s du Cameroun, il est ouvert un concours Sp\u00e9cial de bourse, au titre de l&rsquo;ann\u00e9e acad\u00e9mique 2023-2024, en vue du recrutement des auditeurs de nationalit\u00e9 Camerounaise pour le compte de la 8<sup>\u00e8me<\/sup> promotion, suivant la r\u00e9partition de vingt (20) places au maximum dans les quatre fili\u00e8res ci-apr\u00e8s:<\/p>\n\n\n\n<ul class=\"wp-block-list\">\n<li>Cinq (05) places au maximum pour la fili\u00e8re \u00ab\u00a0Administration Economique et Financi\u00e8re\u00a0\u00bb;<\/li>\n\n\n\n<li>Cinq (05) places au maximum pour la fili\u00e8re \u00ab\u00a0Imp\u00f4ts\u00a0\u00bb;<\/li>\n\n\n\n<li>Cinq (05) places au maximum pour la fili\u00e8re \u00ab\u00a0Tr\u00e9sor\u00a0\u00bb;<\/li>\n\n\n\n<li>Cinq (05) places au maximum pour la fili\u00e8re \u00ab\u00a0Douanes\u00a0\u00bb.<\/li>\n<\/ul>\n\n\n\n<p>Les r\u00e8gles d&rsquo;organisation de ce concours sp\u00e9cial sont pr\u00e9cis\u00e9es dans le Communiqu\u00e9 Radio &#8211; Presse disponible en t\u00e9l\u00e9chargement.<\/p>\n\n\n\n<h5 class=\"wp-block-heading\">Dates \u00e0 retenir<\/h5>\n\n\n\n<ul class=\"wp-block-list\">\n<li>Date limite de d\u00e9p\u00f4t des dossiers de candidature: <strong>Vendredi 24 novembre 2023<\/strong><\/li>\n\n\n\n<li>Date du concours: <strong>Samedi<\/strong> <strong>02 d\u00e9cembre 2023<\/strong><\/li>\n<\/ul>\n\n\n\n<h5 class=\"wp-block-heading\">Documents \u00e0 t\u00e9l\u00e9charger:<\/h5>\n\n\n\n<div class=\"wp-block-file\"><a id=\"wp-block-file--media-7a987b7f-2905-4c34-a4c4-dcc4f134e8b0\" href=\"https:\/\/ief-cemac.org\/wpief\/wp-content\/uploads\/2023\/10\/Fiche-Candidature-CMR-8e-Promo-2023.pdf\">Fiche-Candidature-CMR-8e-Promo-2023<\/a><a href=\"https:\/\/ief-cemac.org\/wpief\/wp-content\/uploads\/2023\/10\/Fiche-Candidature-CMR-8e-Promo-2023.pdf\" class=\"wp-block-file__button wp-element-button\" download aria-describedby=\"wp-block-file--media-7a987b7f-2905-4c34-a4c4-dcc4f134e8b0\">T\u00e9l\u00e9charger<\/a><\/div>\n\n\n\n<div class=\"wp-block-file\"><a id=\"wp-block-file--media-48843440-a654-4f00-a87b-c56ae70931c1\" href=\"https:\/\/ief-cemac.org\/wpief\/wp-content\/uploads\/2023\/10\/Communique-Cameroun.pdf\">Communique-Cameroun<\/a><a href=\"https:\/\/ief-cemac.org\/wpief\/wp-content\/uploads\/2023\/10\/Communique-Cameroun.pdf\" class=\"wp-block-file__button wp-element-button\" download aria-describedby=\"wp-block-file--media-48843440-a654-4f00-a87b-c56ae70931c1\">T\u00e9l\u00e9charger<\/a><\/div>\n\n\n\n<div class=\"wp-block-file\"><a id=\"wp-block-file--media-645fee29-0027-4789-809c-456ea38dc676\" href=\"https:\/\/ief-cemac.org\/wpief\/wp-content\/uploads\/2023\/11\/cs08CMRadditif.pdf\">cs08CMRadditif<\/a><a href=\"https:\/\/ief-cemac.org\/wpief\/wp-content\/uploads\/2023\/11\/cs08CMRadditif.pdf\" class=\"wp-block-file__button wp-element-button\" download aria-describedby=\"wp-block-file--media-645fee29-0027-4789-809c-456ea38dc676\">T\u00e9l\u00e9charger<\/a><\/div>\n","protected":false},"excerpt":{"rendered":"<p>\u00ab\u00a0Cameroun\u00a0\u00bb Faisant suite \u00e0 l&rsquo;accord donn\u00e9 par les autorit\u00e9s du Cameroun, il est ouvert un concours Sp\u00e9cial de bourse, au titre de l&rsquo;ann\u00e9e acad\u00e9mique 2023-2024, en vue du recrutement des auditeurs de nationalit\u00e9 Camerounaise pour le compte de la 8\u00e8me promotion, suivant la r\u00e9partition de vingt (20) places au maximum dans les quatre fili\u00e8res ci-apr\u00e8s: [&hellip;]<\/p>\n","protected":false},"author":1,"featured_media":0,"parent":0,"menu_order":0,"comment_status":"closed","ping_status":"closed","template":"templates\/template-full-width.php","meta":{"footnotes":""},"class_list":["post-248","page","type-page","status-publish","hentry"],"_links":{"self":[{"href":"https:\/\/ief-cemac.org\/wpief\/index.php\/wp-json\/wp\/v2\/pages\/248","targetHints":{"allow":["GET"]}}],"collection":[{"href":"https:\/\/ief-cemac.org\/wpief\/index.php\/wp-json\/wp\/v2\/pages"}],"about":[{"href":"https:\/\/ief-cemac.org\/wpief\/index.php\/wp-json\/wp\/v2\/types\/page"}],"author":[{"embeddable":true,"href":"https:\/\/ief-cemac.org\/wpief\/index.php\/wp-json\/wp\/v2\/users\/1"}],"replies":[{"embeddable":true,"href":"https:\/\/ief-cemac.org\/wpief\/index.php\/wp-json\/wp\/v2\/comments?post=248"}],"version-history":[{"count":14,"href":"https:\/\/ief-cemac.org\/wpief\/index.php\/wp-json\/wp\/v2\/pages\/248\/revisions"}],"predecessor-version":[{"id":325,"href":"https:\/\/ief-cemac.org\/wpief\/index.php\/wp-json\/wp\/v2\/pages\/248\/revisions\/325"}],"wp:attachment":[{"href":"https:\/\/ief-cemac.org\/wpief\/index.php\/wp-json\/wp\/v2\/media?parent=248"}],"curies":[{"name":"wp","href":"https:\/\/api.w.org\/{rel}","templated":true}]}}

Concours spécial d&rsquo;Entrée 2023

<h2 class="wp-block-heading has-text-align-center">« Cameroun »</h2>



<p>Faisant suite à l&rsquo;accord donné par les autorités du Cameroun, il est ouvert un concours Spécial de bourse, au titre de l&rsquo;année académique 2023-2024, en vue du recrutement des auditeurs de nationalité Camerounaise pour le compte de la 8<sup>ème</sup> promotion, suivant la répartition de vingt (20) places au maximum dans les quatre filières ci-après:</p>



<ul class="wp-block-list">
<li>Cinq (05) places au maximum pour la filière « Administration Economique et Financière »;</li>



<li>Cinq (05) places au maximum pour la filière « Impôts »;</li>



<li>Cinq (05) places au maximum pour la filière « Trésor »;</li>



<li>Cinq (05) places au maximum pour la filière « Douanes ».</li>
</ul>



<p>Les règles d&rsquo;organisation de ce concours spécial sont précisées dans le Communiqué Radio &#8211; Presse disponible en téléchargement.</p>



<h5 class="wp-block-heading">Dates à retenir</h5>



<ul class="wp-block-list">
<li>Date limite de dépôt des dossiers de candidature: <strong>Vendredi 24 novembre 2023</strong></li>



<li>Date du concours: <strong>Samedi</strong> <strong>02 décembre 2023</strong></li>
</ul>



<h5 class="wp-block-heading">Documents à télécharger:</h5>



<div class="wp-block-file"><a id="wp-block-file--media-7a987b7f-2905-4c34-a4c4-dcc4f134e8b0" href="https://ief-cemac.org/wpief/wp-content/uploads/2023/10/Fiche-Candidature-CMR-8e-Promo-2023.pdf">Fiche-Candidature-CMR-8e-Promo-2023</a><a href="https://ief-cemac.org/wpief/wp-content/uploads/2023/10/Fiche-Candidature-CMR-8e-Promo-2023.pdf" class="wp-block-file__button wp-element-button" download aria-describedby="wp-block-file--media-7a987b7f-2905-4c34-a4c4-dcc4f134e8b0">Télécharger</a></div>



<div class="wp-block-file"><a id="wp-block-file--media-48843440-a654-4f00-a87b-c56ae70931c1" href="https://ief-cemac.org/wpief/wp-content/uploads/2023/10/Communique-Cameroun.pdf">Communique-Cameroun</a><a href="https://ief-cemac.org/wpief/wp-content/uploads/2023/10/Communique-Cameroun.pdf" class="wp-block-file__button wp-element-button" download aria-describedby="wp-block-file--media-48843440-a654-4f00-a87b-c56ae70931c1">Télécharger</a></div>



<div class="wp-block-file"><a id="wp-block-file--media-645fee29-0027-4789-809c-456ea38dc676" href="https://ief-cemac.org/wpief/wp-content/uploads/2023/11/cs08CMRadditif.pdf">cs08CMRadditif</a><a href="https://ief-cemac.org/wpief/wp-content/uploads/2023/11/cs08CMRadditif.pdf" class="wp-block-file__button wp-element-button" download aria-describedby="wp-block-file--media-645fee29-0027-4789-809c-456ea38dc676">Télécharger</a></div>

<p>« Cameroun » Faisant suite à l&rsquo;accord donné par les autorités du Cameroun, il est ouvert un concours Spécial de bourse, au titre de l&rsquo;année académique 2023-2024, en vue du recrutement des auditeurs de nationalité Camerounaise pour le compte de la 8ème promotion, suivant la répartition de vingt (20) places au maximum dans les quatre filières ci-après: [&hellip;]</p>
