{"id":240,"date":"2023-07-15T12:10:41","date_gmt":"2023-07-15T11:10:41","guid":{"rendered":"https:\/\/ief-cemac.org\/wpief\/?page_id=240"},"modified":"2023-07-15T12:10:41","modified_gmt":"2023-07-15T11:10:41","slug":"centre-de-documentation","status":"publish","type":"page","link":"https:\/\/ief-cemac.org\/wpief\/index.php\/centre-de-documentation\/","title":{"rendered":"Centre de documentation"},"content":{"rendered":"\n<h4 class=\"wp-block-heading\">Missions<\/h4>\n\n\n\n<p>La biblioth\u00e8que&#8211; Centre de documentation de l&rsquo;IEF-P\u00f4le R\u00e9gional assure la collecte, gestion, le traitement et la diffusion l\u2019information. Elle remplit ces missions en s&rsquo;adaptant aux nouveaux besoins de l&rsquo;\u00e9tablissement.<\/p>\n\n\n\n<p>A ce titre, elle s&rsquo;implique dans les missions de formation et d\u2019information.<\/p>\n\n\n\n<ul class=\"wp-block-list\">\n<li>Elle participe \u00e0 la formation initiale en mettant \u00e0 la disposition des \u00e9tudiants un fonds documentaire riche et sp\u00e9cialis\u00e9, compl\u00e9mentaire des enseignements dispens\u00e9s \u00e0 l\u2019IEF.<\/li>\n\n\n\n<li>Elle contribue \u00e9galement \u00e0 la formation continue en d\u00e9veloppant les connaissances \u00e9conomiques et financi\u00e8res des fonctionnaires et professionnels qui fr\u00e9quentent le centre.<\/li>\n\n\n\n<li>Elle permet enfin aux usagers d\u2019\u00eatre au fait de l\u2019actualit\u00e9 et de l\u2019information sp\u00e9cialis\u00e9e gr\u00e2ce \u00e0 une vari\u00e9t\u00e9 de revues.<\/li>\n<\/ul>\n\n\n\n<h4 class=\"wp-block-heading\">Les collections<\/h4>\n\n\n\n<p>Le fonds documentaire de l\u2019IEF P\u00f4le r\u00e9gional s\u2019enrichit chaque ann\u00e9e. Il est estim\u00e9 aujourd\u2019hui \u00e0 2748 r\u00e9f\u00e9rences et comprend :<\/p>\n\n\n\n<ul class=\"wp-block-list\">\n<li>2220 Monographies &#8211; Encyclop\u00e9dies &#8211; Dictionnaires \u2026<\/li>\n\n\n\n<li>528 Rapports de stage &#8211; Th\u00e8ses &#8211; Etudes et Analyses<\/li>\n\n\n\n<li>133 titres de P\u00e9riodiques (vivants et \u00e9teints)<\/li>\n\n\n\n<li>410 bo\u00eetes d\u2019archives contenant d\u2019anciens p\u00e9riodiques<\/li>\n\n\n\n<li>Fonds Gabon: une importante documentation officielle sur le Gabon conserv\u00e9e depuis 1982<\/li>\n<\/ul>\n\n\n\n<h4 class=\"wp-block-heading\">Les Espaces<\/h4>\n\n\n\n<p>La biblioth\u00e8que-centre de documentation est situ\u00e9e au rez-de-chauss\u00e9e de l\u2019\u00e9tablissement. Elle est accessible \u00e0 tous les usagers.<br>Le fonds documentaire est r\u00e9parti sur 2 espaces:<\/p>\n\n\n\n<ul class=\"wp-block-list\">\n<li>Une salle de travail et de lecture d\u2019une dizaine de places. Cet espace dispose de pr\u00e9sentoirs pour les revues et de rayonnages pour les manuels.<\/li>\n\n\n\n<li>Une salle d\u2019archives, interdite aux usagers, o\u00f9 sont entrepos\u00e9s les anciennes revues et un important fonds local.<\/li>\n<\/ul>\n\n\n\n<h4 class=\"wp-block-heading\">Le public<\/h4>\n\n\n\n<p>La Biblioth\u00e8que-centre de documentation est fr\u00e9quent\u00e9e par un large public compos\u00e9 d&rsquo;\u00e9tudiants, r\u00e9guli\u00e8rement inscrits \u00e0 l&rsquo;IEF-P\u00f4le r\u00e9gional, de fonctionnaires, d\u2019enseignants, de chercheurs. Le nombre des usagers ext\u00e9rieurs croit chaque ann\u00e9e.<\/p>\n","protected":false},"excerpt":{"rendered":"<p>Missions La biblioth\u00e8que&#8211; Centre de documentation de l&rsquo;IEF-P\u00f4le R\u00e9gional assure la collecte, gestion, le traitement et la diffusion l\u2019information. Elle remplit ces missions en s&rsquo;adaptant aux nouveaux besoins de l&rsquo;\u00e9tablissement. A ce titre, elle s&rsquo;implique dans les missions de formation et d\u2019information. Les collections Le fonds documentaire de l\u2019IEF P\u00f4le r\u00e9gional s\u2019enrichit chaque ann\u00e9e. Il [&hellip;]<\/p>\n","protected":false},"author":1,"featured_media":0,"parent":0,"menu_order":0,"comment_status":"closed","ping_status":"closed","template":"templates\/template-full-width.php","meta":{"footnotes":""},"class_list":["post-240","page","type-page","status-publish","hentry"],"_links":{"self":[{"href":"https:\/\/ief-cemac.org\/wpief\/index.php\/wp-json\/wp\/v2\/pages\/240","targetHints":{"allow":["GET"]}}],"collection":[{"href":"https:\/\/ief-cemac.org\/wpief\/index.php\/wp-json\/wp\/v2\/pages"}],"about":[{"href":"https:\/\/ief-cemac.org\/wpief\/index.php\/wp-json\/wp\/v2\/types\/page"}],"author":[{"embeddable":true,"href":"https:\/\/ief-cemac.org\/wpief\/index.php\/wp-json\/wp\/v2\/users\/1"}],"replies":[{"embeddable":true,"href":"https:\/\/ief-cemac.org\/wpief\/index.php\/wp-json\/wp\/v2\/comments?post=240"}],"version-history":[{"count":2,"href":"https:\/\/ief-cemac.org\/wpief\/index.php\/wp-json\/wp\/v2\/pages\/240\/revisions"}],"predecessor-version":[{"id":242,"href":"https:\/\/ief-cemac.org\/wpief\/index.php\/wp-json\/wp\/v2\/pages\/240\/revisions\/242"}],"wp:attachment":[{"href":"https:\/\/ief-cemac.org\/wpief\/index.php\/wp-json\/wp\/v2\/media?parent=240"}],"curies":[{"name":"wp","href":"https:\/\/api.w.org\/{rel}","templated":true}]}}

<h4 class="wp-block-heading">Missions</h4>



<p>La bibliothèque&#8211; Centre de documentation de l&rsquo;IEF-Pôle Régional assure la collecte, gestion, le traitement et la diffusion l’information. Elle remplit ces missions en s&rsquo;adaptant aux nouveaux besoins de l&rsquo;établissement.</p>



<p>A ce titre, elle s&rsquo;implique dans les missions de formation et d’information.</p>



<ul class="wp-block-list">
<li>Elle participe à la formation initiale en mettant à la disposition des étudiants un fonds documentaire riche et spécialisé, complémentaire des enseignements dispensés à l’IEF.</li>



<li>Elle contribue également à la formation continue en développant les connaissances économiques et financières des fonctionnaires et professionnels qui fréquentent le centre.</li>



<li>Elle permet enfin aux usagers d’être au fait de l’actualité et de l’information spécialisée grâce à une variété de revues.</li>
</ul>



<h4 class="wp-block-heading">Les collections</h4>



<p>Le fonds documentaire de l’IEF Pôle régional s’enrichit chaque année. Il est estimé aujourd’hui à 2748 références et comprend :</p>



<ul class="wp-block-list">
<li>2220 Monographies &#8211; Encyclopédies &#8211; Dictionnaires …</li>



<li>528 Rapports de stage &#8211; Thèses &#8211; Etudes et Analyses</li>



<li>133 titres de Périodiques (vivants et éteints)</li>



<li>410 boîtes d’archives contenant d’anciens périodiques</li>



<li>Fonds Gabon: une importante documentation officielle sur le Gabon conservée depuis 1982</li>
</ul>



<h4 class="wp-block-heading">Les Espaces</h4>



<p>La bibliothèque-centre de documentation est située au rez-de-chaussée de l’établissement. Elle est accessible à tous les usagers.<br>Le fonds documentaire est réparti sur 2 espaces:</p>



<ul class="wp-block-list">
<li>Une salle de travail et de lecture d’une dizaine de places. Cet espace dispose de présentoirs pour les revues et de rayonnages pour les manuels.</li>



<li>Une salle d’archives, interdite aux usagers, où sont entreposés les anciennes revues et un important fonds local.</li>
</ul>



<h4 class="wp-block-heading">Le public</h4>



<p>La Bibliothèque-centre de documentation est fréquentée par un large public composé d&rsquo;étudiants, régulièrement inscrits à l&rsquo;IEF-Pôle régional, de fonctionnaires, d’enseignants, de chercheurs. Le nombre des usagers extérieurs croit chaque année.</p>

<p>Missions La bibliothèque&#8211; Centre de documentation de l&rsquo;IEF-Pôle Régional assure la collecte, gestion, le traitement et la diffusion l’information. Elle remplit ces missions en s&rsquo;adaptant aux nouveaux besoins de l&rsquo;établissement. A ce titre, elle s&rsquo;implique dans les missions de formation et d’information. Les collections Le fonds documentaire de l’IEF Pôle régional s’enrichit chaque année. Il [&hellip;]</p>
