{"id":234,"date":"2023-07-15T11:47:17","date_gmt":"2023-07-15T10:47:17","guid":{"rendered":"https:\/\/ief-cemac.org\/wpief\/?page_id=234"},"modified":"2023-07-15T11:47:17","modified_gmt":"2023-07-15T10:47:17","slug":"formation-continue","status":"publish","type":"page","link":"https:\/\/ief-cemac.org\/wpief\/index.php\/formation-continue\/","title":{"rendered":"Formation continue"},"content":{"rendered":"\n<p>Ce programme s\u2019adresse aux agents des services publics ou des entreprises qui souhaitent se former, confirmer ou modifier leur trajectoire professionnelle.<\/p>\n\n\n\n<p>La formation continue est con\u00e7ue pour vous permettre d\u2019enrichir vos comp\u00e9tences dans de multiples domaines.<\/p>\n\n\n\n<p>Dans le cadre de la formation continue, l\u2019IEF :<\/p>\n\n\n\n<p>Propose en partenariat avec des organismes et institutions internationales, un programme de formation;<\/p>\n\n\n\n<p>Organise des formations \u00e0 la carte qui s\u2019adressent aux administrations qui souhaitent le renforcement des capacit\u00e9s de ses agents des domaines pr\u00e9cis. Le contenu des formations est \u00e9labor\u00e9 en concertation avec le demandeur.<\/p>\n","protected":false},"excerpt":{"rendered":"<p>Ce programme s\u2019adresse aux agents des services publics ou des entreprises qui souhaitent se former, confirmer ou modifier leur trajectoire professionnelle. La formation continue est con\u00e7ue pour vous permettre d\u2019enrichir vos comp\u00e9tences dans de multiples domaines. Dans le cadre de la formation continue, l\u2019IEF : Propose en partenariat avec des organismes et institutions internationales, un [&hellip;]<\/p>\n","protected":false},"author":1,"featured_media":0,"parent":0,"menu_order":0,"comment_status":"closed","ping_status":"closed","template":"","meta":{"footnotes":""},"class_list":["post-234","page","type-page","status-publish","hentry"],"_links":{"self":[{"href":"https:\/\/ief-cemac.org\/wpief\/index.php\/wp-json\/wp\/v2\/pages\/234","targetHints":{"allow":["GET"]}}],"collection":[{"href":"https:\/\/ief-cemac.org\/wpief\/index.php\/wp-json\/wp\/v2\/pages"}],"about":[{"href":"https:\/\/ief-cemac.org\/wpief\/index.php\/wp-json\/wp\/v2\/types\/page"}],"author":[{"embeddable":true,"href":"https:\/\/ief-cemac.org\/wpief\/index.php\/wp-json\/wp\/v2\/users\/1"}],"replies":[{"embeddable":true,"href":"https:\/\/ief-cemac.org\/wpief\/index.php\/wp-json\/wp\/v2\/comments?post=234"}],"version-history":[{"count":1,"href":"https:\/\/ief-cemac.org\/wpief\/index.php\/wp-json\/wp\/v2\/pages\/234\/revisions"}],"predecessor-version":[{"id":235,"href":"https:\/\/ief-cemac.org\/wpief\/index.php\/wp-json\/wp\/v2\/pages\/234\/revisions\/235"}],"wp:attachment":[{"href":"https:\/\/ief-cemac.org\/wpief\/index.php\/wp-json\/wp\/v2\/media?parent=234"}],"curies":[{"name":"wp","href":"https:\/\/api.w.org\/{rel}","templated":true}]}}

<p>Ce programme s’adresse aux agents des services publics ou des entreprises qui souhaitent se former, confirmer ou modifier leur trajectoire professionnelle.</p>



<p>La formation continue est conçue pour vous permettre d’enrichir vos compétences dans de multiples domaines.</p>



<p>Dans le cadre de la formation continue, l’IEF :</p>



<p>Propose en partenariat avec des organismes et institutions internationales, un programme de formation;</p>



<p>Organise des formations à la carte qui s’adressent aux administrations qui souhaitent le renforcement des capacités de ses agents des domaines précis. Le contenu des formations est élaboré en concertation avec le demandeur.</p>

<p>Ce programme s’adresse aux agents des services publics ou des entreprises qui souhaitent se former, confirmer ou modifier leur trajectoire professionnelle. La formation continue est conçue pour vous permettre d’enrichir vos compétences dans de multiples domaines. Dans le cadre de la formation continue, l’IEF : Propose en partenariat avec des organismes et institutions internationales, un [&hellip;]</p>
